on factor of c and 26?
13
Suppose -3*j + 3674 = -4*i, j - i + 568 = 1791. Calculate the greatest common factor of 798 and j.
42
Let n = 21155 - 19125. What is the greatest common divisor of n and 5510?
290
Let x(m) = 3*m**2 + 28*m - 12. Let g be x(-10). Let n(q) = 8*q + 4. Let o be n(g). Calculate the highest common divisor of o and 612.
68
Suppose -16 = -m - 5*q, -46*m + 48*m + 5*q - 22 = 0. Calculate the greatest common divisor of m and 9162.
6
Let b = 0 + -5. Let i be (-3)/5*(0/8 + 5). Let r be (-35)/i + b/((-15)/(-2)). Calculate the highest common factor of r and 88.
11
Let b(f) be the third derivative of 3*f**4/8 - 79*f**2. Let n be b(5). Calculate the greatest common factor of n and 27.
9
Let n = 266 - 261. Let j(h) = 48*h - 65. Let f be j(n). What is the highest common factor of 35 and f?
35
Let j(y) = -85*y + 75. Let t be j(-3). Calculate the highest common divisor of 374 and t.
22
Let c be (-1)/(-5) - (-6)/(-30). Suppose c = -16*h + 17*h - 7. Suppose -49 + 28 = -h*z. What is the greatest common divisor of z and 1?
1
Let o be 175/10*20/50. Suppose 10560 = 27*d - o*d. Calculate the highest common divisor of d and 48.
48
Suppose 2*t - 338 = -2*u, -t + 4 = 2*u - 161. Suppose 8*g - t = -21. What is the highest common factor of 209 and g?
19
Suppose -4*p + 151*x + 124 = 152*x, p = x + 41. Suppose -4 - 1 = 5*k. Let j = 2 - k. What is the highest common divisor of p and j?
3
Suppose 0 = n - 23 - 56. Suppose -n = -2*w + 31. Suppose -f - 44 = -w. Calculate the greatest common factor of 121 and f.
11
Let q(p) = 14*p - 64 - 48*p**2 - 18*p**2 + 73*p**2. Let b be q(4). What is the greatest common divisor of 65 and b?
13
Suppose -l - 173 = -2*l. Let w = 549 - 512. Let j = l + w. What is the highest common factor of 21 and j?
21
Let a(v) = v**2 - 24*v + 147. Let z be a(13). Suppose 7*s = 1740 - z. What is the highest common factor of s and 4?
4
Suppose 195*s = 78*s + 59904. What is the greatest common factor of s and 16?
16
Suppose -3*i + 1879 - 451 = 5*p, 5*p - 1460 = 5*i. Suppose 20*m - 8*m - p = 0. What is the greatest common factor of 168 and m?
24
Let o = -1348 + 2338. What is the highest common divisor of 12210 and o?
330
Let j be -21 + 19 + -23 + (-8)/(-2). Let s be (3/5)/(j/(-9030)). What is the greatest common divisor of 172 and s?
86
Suppose -4*i - 164 - 1536 = -4*b, 3*b + i = 1295. What is the highest common factor of 160 and b?
10
Let q = -4102 + 4117. Calculate the greatest common factor of 4665 and q.
15
Let x = 21 + -18. Let d(q) = q**3 - q**2 + 1. Let y be d(x). Let n(u) = 55*u - 512. Let w be n(10). Calculate the highest common factor of y and w.
19
Let n = -225 + 229. Let o be 26/8 + (-1)/n - -8. What is the highest common divisor of 297 and o?
11
Suppose -3*r + 21 = c + 2*r, 2*c + 3*r = 49. Suppose 0 = c*u - 37*u + 880. Calculate the highest common divisor of 70 and u.
10
Let w be ((-151)/(-2))/((-45)/(-1080)). What is the greatest common divisor of 36 and w?
12
Let d(w) = 10*w. Let t be d(2). Suppose m - 636 = 4*b, -2*b + 777 = 2*m - 455. Calculate the highest common divisor of t and m.
20
Let h = 38 + -22. Let a be (((-768)/84)/2)/(1/(-28)). What is the highest common factor of h and a?
16
Suppose 124 = -o + 2*o. Suppose -l - 13 + o = 0. Suppose -3*h + m = -112, 3*h + 5*m - 108 + 2 = 0. Calculate the highest common factor of h and l.
37
Suppose 0 = 7*n + 3*n. Suppose n = -6*i - i - 7. Let l be 160/30*(7 + i). Calculate the greatest common factor of l and 4.
4
Let f(g) = 14*g - 45*g + 15*g - 6 - 40*g. Let d = 65 - 66. Let i be f(d). What is the greatest common divisor of i and 10?
10
Let n(h) = -144*h + 22. Let k be n(-9). Suppose 43*r = 45*r + k. Let p = -435 - r. What is the highest common divisor of p and 32?
32
Let f be (27 + -30)/(1/(-13)). Let x = -10 - -10. Suppose x*r = 2*r - 2*v - 172, v - 96 = -r. Calculate the highest common factor of r and f.
13
Suppose b = -5*j + 648, 3*b + 81*j - 1974 = 76*j. Calculate the greatest common divisor of b and 255.
51
Let x = 3219 + 1678. Calculate the highest common factor of 118 and x.
59
Suppose -7*l = -5*l - 2934. Let d = l - 845. Suppose -3*t + d + 218 = 0. What is the greatest common factor of t and 35?
35
Let y be (-10 + -14)/((-7)/1092). What is the highest common factor of 27 and y?
9
Suppose 0 = 4*r - 2*b + 263 - 1521, 4*b - 1618 = -5*r. What is the greatest common factor of 2438 and r?
106
Suppose 0*w - 5 = -u - w, -28 = -2*u + 4*w. Let i be 5 + 250/u - (-1)/(-4). Suppose -15 = -3*x + i. What is the greatest common divisor of 17 and x?
17
Let t = -4501 + 4682. What is the greatest common divisor of 2353 and t?
181
Suppose 4*n = 150*v - 147*v + 2, 24 = 4*v. Calculate the greatest common factor of 1935 and n.
5
Suppose -4*z = -4*v + 40, -5*v + z + 42 = -3*z. Calculate the highest common divisor of 181 and v.
1
Let d(h) = -h**3 + 61*h**2 + 10*h + 8. Let j be d(19). Calculate the highest common divisor of j and 40.
40
Let b(x) = x**3 - 11*x**2 - 18*x + 795. Let v be b(0). What is the greatest common factor of v and 583?
53
Let z be ((-16848)/(-3510))/(2 - (1 + (-4746)/(-4750))). Calculate the greatest common divisor of z and 456.
228
Let x be (-103)/(-3) - 2/(-3). Let c = -31 + x. Suppose 88 + 56 = c*n. What is the highest common factor of 9 and n?
9
Suppose -12*x - 2*h + 1441 = -7*x, -2*x = h - 577. Suppose 0 = f - x + 71. Calculate the highest common divisor of f and 8.
8
Suppose 4*z - 187 = -171. What is the greatest common divisor of 204 and z?
4
Let s = -2488 + 3491. What is the greatest common divisor of 59 and s?
59
Suppose -s + 3*j - 132 = 0, 3*s - 2*j + 3*j + 356 = 0. Let r = s - -180. Calculate the greatest common divisor of 15 and r.
15
Let c be (-36)/12 - (-306 + 0 - 1). Let r = c + -254. Calculate the greatest common factor of 40 and r.
10
Let u be -4 + (10 - (-1 + 3)). Suppose -3*r - 48 = -4*r + u*q, -3*r + 209 = q. Calculate the greatest common factor of r and 17.
17
Let a = 1611 + -1067. What is the greatest common divisor of a and 153?
17
Suppose -18*i + 20*i - 20 = 0. Suppose -2*y - 11*n + i*n = -40, 5*n - 24 = -2*y. What is the highest common divisor of 99 and y?
11
Let u(w) = -3*w**3 + 10*w**2 + 72*w - 6. Let b be ((-9)/(-9))/(3/30*-2). Let n be u(b). What is the highest common factor of n and 14?
7
Let t be 403 + 6 + -6 + 3/(-3). Let v = t + -240. Calculate the highest common divisor of v and 18.
18
Suppose -17 = 5*l - 42. Suppose -y + 14 = 2*x, -2*y - l*x + 9 = -6*y. Let h be ((-4)/3)/(y/(-30)). What is the greatest common factor of h and 130?
10
Suppose -33534 = -241*j + 172*j. Calculate the greatest common factor of 432 and j.
54
Suppose -3*b = r - 25, -3*r + 37 = -3*b - 62. Suppose -3 = -2*c - 7, -c - r = -p. Calculate the greatest common divisor of 116 and p.
29
Let h(a) = -9*a + 2 - 8*a - 136*a**2 + 21*a. Let y be h(-1). Let g be y/(-4)*(-112)/(-24). What is the greatest common divisor of 23 and g?
23
Let f(h) = h**3 + 18*h**2 + 54*h + 3. Let k be f(-14). Let p(v) = v**3 + 16*v**2 - 44*v - 51. Let u be p(-18). Calculate the greatest common divisor of k and u.
31
Let p(x) be the second derivative of -x**5/20 - 5*x**4/6 + 37*x**3/6 + 73*x**2/2 - 66*x. Let d be p(-13). What is the highest common factor of 18 and d?
9
Suppose -2 = u - 42. Suppose -n + 4*t + 138 = -u, n = -5*t + 187. Calculate the greatest common factor of 14 and n.
14
Let k(m) = 26*m**2 + 177*m - 22. Let d be k(-7). What is the greatest common divisor of 52 and d?
13
Let i(y) = -2*y - 23. Let q be i(-11). Let v be 0 - q - (-2)/(-4)*2. Suppose 0 = 3*r - v - 33. Calculate the greatest common factor of r and 44.
11
Suppose 21 = -5*a + 96. Let t be ((-112)/(-6))/((a/(-846))/5). Let k be (2 - t/21) + 2/6. What is the highest common divisor of k and 23?
23
Let x = 3865 - 3741. What is the greatest common divisor of x and 7936?
124
Let i(q) = 196*q**2 + 18*q - 63. Let v be i(4). What is the highest common factor of v and 170?
85
Suppose -b - q = 3*q - 1718, 0 = 5*b + q - 8685. Calculate the greatest common factor of 44 and b.
22
Let c be 1 - -2 - 37/(-37). Suppose -41 = -2*p + n, -c*n = -7*n + 3. What is the highest common divisor of 147 and p?
21
Suppose -11484 - 6380 = -58*k. Suppose 4*o + 0*o + 2*l - 38 = 0, l - 26 = -3*o. Calculate the highest common divisor of k and o.
7
Let v be (-14)/5*2